{"id":1011,"date":"2017-02-27T21:15:06","date_gmt":"2017-02-27T20:15:06","guid":{"rendered":"http:\/\/browny2.bplaced.net\/wp2\/?page_id=5"},"modified":"2024-12-29T16:05:33","modified_gmt":"2024-12-29T15:05:33","slug":"fluehling","status":"publish","type":"page","link":"https:\/\/asv-petri-heil.de\/cms\/","title":{"rendered":"Willkommen&#8230;"},"content":{"rendered":"\n<h3 class=\"wp-block-heading\">&#8230; auf der Web-Pr\u00e4senz des Angelsportvereins &#8220;Petri Heil&#8221; Gro\u00dfostheim.<\/h3>\n\n\n\n<p>Der Inhalt richtet sich an Mitglieder und alle, die Interesse an den Aktivit\u00e4ten des Verein haben und vielleicht sogar dem Verein beitreten wollen.<\/p>\n\n\n\n<p>Viele Fotos und Informationen geben einen tiefen Einblick in das Vereinsgeschehen seit 1966, dem Gr\u00fcndungsjahr. Wir m\u00f6chten allen Altersgruppen von 7-80 Jahren und \u00e4lter das Gef\u00fchl geben, dazu zu geh\u00f6ren. Schaut rein!<\/p>\n\n\n\n<p>Unter Infos findest Du viele interessante Links und wichtige Downloads.<\/p>\n\n\n\n<p><\/p>\n\n\n\n\n\n<h3>Letzte Aktualisierungen<\/h3>\n\n\n <ul>\n  <li class=\"list_last_changes_title\">\n<a href=\"https:\/\/asv-petri-heil.de\/cms\/downloads\/\">Downloads<\/a> <span class=\"list_last_changes_date\">23. Februar 2026<\/span>  <\/li>\n  <li class=\"list_last_changes_title\">\n<a href=\"https:\/\/asv-petri-heil.de\/cms\/vereinsgewaesser\/vereinsgewaesser-allgemein\/\">Vereinsgew\u00e4sser Allgemein<\/a> <span class=\"list_last_changes_date\">2. Januar 2026<\/span>  <\/li>\n  <li class=\"list_last_changes_title\">\n<a href=\"https:\/\/asv-petri-heil.de\/cms\/jugendgruppe\/\">Jugendgruppe<\/a> <span class=\"list_last_changes_date\">2. Januar 2026<\/span>  <\/li>\n  <li class=\"list_last_changes_title\">\n<a href=\"https:\/\/asv-petri-heil.de\/cms\/termine\/\">N\u00e4chste Termine<\/a> <span class=\"list_last_changes_date\">1. Januar 2026<\/span>  <\/li>\n  <li class=\"list_last_changes_title\">\n<a href=\"https:\/\/asv-petri-heil.de\/cms\/news\/\">News<\/a> <span class=\"list_last_changes_date\">1. Januar 2026<\/span>  <\/li>\n <\/ul>\n","protected":false},"excerpt":{"rendered":"<p>&#8230; auf der Web-Pr\u00e4senz des Angelsportvereins &#8220;Petri Heil&#8221; Gro\u00dfostheim. Der Inhalt richtet sich an Mitglieder und alle, die Interesse an den Aktivit\u00e4ten des Verein haben und vielleicht sogar dem Verein [&hellip;]<\/p>\n","protected":false},"author":1,"featured_media":981,"parent":0,"menu_order":10,"comment_status":"closed","ping_status":"closed","template":"template-full-width.php","meta":{"footnotes":""},"class_list":["post-1011","page","type-page","status-publish","has-post-thumbnail","hentry"],"aioseo_notices":[],"_links":{"self":[{"href":"https:\/\/asv-petri-heil.de\/cms\/wp-json\/wp\/v2\/pages\/1011","targetHints":{"allow":["GET"]}}],"collection":[{"href":"https:\/\/asv-petri-heil.de\/cms\/wp-json\/wp\/v2\/pages"}],"about":[{"href":"https:\/\/asv-petri-heil.de\/cms\/wp-json\/wp\/v2\/types\/page"}],"author":[{"embeddable":true,"href":"https:\/\/asv-petri-heil.de\/cms\/wp-json\/wp\/v2\/users\/1"}],"replies":[{"embeddable":true,"href":"https:\/\/asv-petri-heil.de\/cms\/wp-json\/wp\/v2\/comments?post=1011"}],"version-history":[{"count":32,"href":"https:\/\/asv-petri-heil.de\/cms\/wp-json\/wp\/v2\/pages\/1011\/revisions"}],"predecessor-version":[{"id":2567,"href":"https:\/\/asv-petri-heil.de\/cms\/wp-json\/wp\/v2\/pages\/1011\/revisions\/2567"}],"wp:featuredmedia":[{"embeddable":true,"href":"https:\/\/asv-petri-heil.de\/cms\/wp-json\/wp\/v2\/media\/981"}],"wp:attachment":[{"href":"https:\/\/asv-petri-heil.de\/cms\/wp-json\/wp\/v2\/media?parent=1011"}],"curies":[{"name":"wp","href":"https:\/\/api.w.org\/{rel}","templated":true}]}}