{"id":733,"date":"2019-12-22T16:58:01","date_gmt":"2019-12-22T15:58:01","guid":{"rendered":"http:\/\/browny2.bplaced.net\/wp2\/?page_id=733"},"modified":"2026-01-02T09:02:39","modified_gmt":"2026-01-02T08:02:39","slug":"vereinsgewaesser-allgemein","status":"publish","type":"page","link":"https:\/\/asv-petri-heil.de\/cms\/vereinsgewaesser\/vereinsgewaesser-allgemein\/","title":{"rendered":"Vereinsgew\u00e4sser Allgemein"},"content":{"rendered":"\n<p>Der Vereinssee des ASV \u201ePetri Heil\u201c Gro\u00dfostheim ist ein ehemaliger Baggersee und seit 1985 Eigentum des Vereins. Er ist einer von drei Seen in dieser insgesamt 10 ha gro\u00dfen, ehemaligen Kiesgrube. Die beiden anderen Seen sind Privat- bzw. Firmeneigentum. Die gesamte Kiesgrube ist eingez\u00e4unt und kann nur mit einem Schl\u00fcssel betreten werden. Unsere Seefl\u00e4che betr\u00e4gt noch ca. 6000 m\u00b2, das Gesamtgel\u00e4nde in unserem Besitz ca. 13.500 m\u00b2. Von oben nicht einsehbar, \u00f6ffnet sich nach dem Hinunterlaufen der Treppe zur Anglerh\u00fctte der unten gezeigte Blick.<\/p>\n<p>Der See mit einer Wassertiefe bis ca. 3 m ist ein typisches Karpfengew\u00e4sser. Vor allem im flachen Bereich hat sich ein Schilfg\u00fcrtel ausgebreitet, der sich zu einer Kinderstube f\u00fcr Jungfische entwickelt hat.<\/p>\n\n\n\n<figure class=\"wp-block-image size-large is-resized\"><img loading=\"lazy\" decoding=\"async\" width=\"1024\" height=\"434\" src=\"https:\/\/asv-petri-heil.de\/cms\/wp-content\/uploads\/2021\/01\/20200711_072738-1-1024x434.jpg\" alt=\"\" class=\"wp-image-1852\" style=\"width:1024px;height:434px\" srcset=\"https:\/\/asv-petri-heil.de\/cms\/wp-content\/uploads\/2021\/01\/20200711_072738-1-1024x434.jpg 1024w, https:\/\/asv-petri-heil.de\/cms\/wp-content\/uploads\/2021\/01\/20200711_072738-1-300x127.jpg 300w, https:\/\/asv-petri-heil.de\/cms\/wp-content\/uploads\/2021\/01\/20200711_072738-1-768x326.jpg 768w, https:\/\/asv-petri-heil.de\/cms\/wp-content\/uploads\/2021\/01\/20200711_072738-1-1536x651.jpg 1536w, https:\/\/asv-petri-heil.de\/cms\/wp-content\/uploads\/2021\/01\/20200711_072738-1-2048x868.jpg 2048w\" sizes=\"auto, (max-width: 1024px) 100vw, 1024px\" \/><figcaption class=\"wp-element-caption\">Seeblick von der Anglerh\u00fctte aus im letzten Jahr<\/figcaption><\/figure>\n\n\n\n<p>Sorge macht allerdings der seit 2004 stark absinkende Grundwasserspiegel, der unsere Seefl\u00e4che ebenfalls schrumpfen l\u00e4sst. Aufgrund seiner gegen Norden und Osten gesch\u00fctzten Lage erw\u00e4rmt sich das Wasser fr\u00fchzeitig und erm\u00f6glicht schon im Februar oder M\u00e4rz erste Fangerfolge. Der See l\u00e4sst sich aufgrund seiner Gr\u00f6\u00dfe und seiner Wassertiefe sehr gut mit Schwimmer beangeln. Auch Futterk\u00f6rbchen ist erlaubt. Ein Schlachtplatz mit Edelstahlsp\u00fcle steht zur Verwertung des Fangs zur Verf\u00fcgung.<\/p>\n\n\n\n<div class=\"wp-block-envira-envira-gallery\"><div id=\"envira-gallery-wrap-1858\" class=\"envira-gallery-wrap envira-gallery-theme-base envira-lightbox-theme-base\" itemscope itemtype=\"https:\/\/schema.org\/ImageGallery\"><div data-row-height=\"190\" data-gallery-theme=\"normal\" id=\"envira-gallery-1858\" class=\"envira-gallery-public envira-gallery-justified-public envira-gallery-0-columns envira-clear enviratope envira-gallery-css-animations\" data-envira-columns=\"0\"><div id=\"envira-gallery-item-1857\" class=\"envira-gallery-item enviratope-item envira-gallery-item-1 envira-lazy-load\" style=\"padding-left: 1px; padding-bottom: 1px; padding-right: 1px;\"  itemscope itemtype=\"https:\/\/schema.org\/ImageObject\"><div class=\"envira-gallery-item-inner\"><div class=\"envira-gallery-position-overlay  envira-gallery-top-left\"><\/div><div class=\"envira-gallery-position-overlay  envira-gallery-top-right\"><\/div><div class=\"envira-gallery-position-overlay  envira-gallery-bottom-left\"><\/div><div class=\"envira-gallery-position-overlay  envira-gallery-bottom-right\"><\/div><a href=\"https:\/\/asv-petri-heil.de\/cms\/wp-content\/uploads\/2021\/01\/20201022_145901.jpg\" class=\"envira-gallery-1858 envira-gallery-link\" rel=\"enviragallery1858\" title=\"20201022_145901\" data-envira-caption=\"20201022_145901\" data-envira-retina=\"\" data-thumbnail=\"\"  itemprop=\"contentUrl\"><img decoding=\"async\" id=\"envira-gallery-image-1857\" class=\"envira-gallery-image envira-gallery-image-1 envira-normal envira-lazy\" data-envira-index=\"1\" src=\"https:\/\/asv-petri-heil.de\/cms\/wp-content\/uploads\/2021\/01\/20201022_145901-640x480.jpg\" data-envira-src=\"https:\/\/asv-petri-heil.de\/cms\/wp-content\/uploads\/2021\/01\/20201022_145901-640x480.jpg\" data-envira-gallery-id=\"1858\" data-envira-item-id=\"1857\" data-envira-caption=\"20201022_145901\" alt=\"\" title=\"20201022_145901\"  itemprop=\"thumbnailUrl\" data-envira-srcset=\"https:\/\/asv-petri-heil.de\/cms\/wp-content\/uploads\/2021\/01\/20201022_145901-640x480.jpg 400w,https:\/\/asv-petri-heil.de\/cms\/wp-content\/uploads\/2021\/01\/20201022_145901-640x480.jpg 2x\" data-envira-width=\"300\" data-envira-height=\"225\" srcset=\"data:image\/gif;base64,R0lGODlhAQABAIAAAP\/\/\/\/\/\/\/yH5BAEKAAEALAAAAAABAAEAAAICTAEAOw==\" data-safe-src=\"data:image\/gif;base64,R0lGODlhAQABAIAAAP\/\/\/\/\/\/\/yH5BAEKAAEALAAAAAABAAEAAAICTAEAOw==\" \/><\/a><\/div><\/div><div id=\"envira-gallery-item-1859\" class=\"envira-gallery-item enviratope-item envira-gallery-item-2 envira-lazy-load\" style=\"padding-left: 1px; padding-bottom: 1px; padding-right: 1px;\"  itemscope itemtype=\"https:\/\/schema.org\/ImageObject\"><div class=\"envira-gallery-item-inner\"><div class=\"envira-gallery-position-overlay  envira-gallery-top-left\"><\/div><div class=\"envira-gallery-position-overlay  envira-gallery-top-right\"><\/div><div class=\"envira-gallery-position-overlay  envira-gallery-bottom-left\"><\/div><div class=\"envira-gallery-position-overlay  envira-gallery-bottom-right\"><\/div><a href=\"https:\/\/asv-petri-heil.de\/cms\/wp-content\/uploads\/2021\/01\/20200804_101944.jpg\" class=\"envira-gallery-1858 envira-gallery-link\" rel=\"enviragallery1858\" title=\"20200804_101944\" data-envira-caption=\"20200804_101944\" data-envira-retina=\"\" data-thumbnail=\"\"  itemprop=\"contentUrl\"><img decoding=\"async\" id=\"envira-gallery-image-1859\" class=\"envira-gallery-image envira-gallery-image-2 envira-normal envira-lazy\" data-envira-index=\"2\" src=\"https:\/\/asv-petri-heil.de\/cms\/wp-content\/uploads\/2021\/01\/20200804_101944-640x480.jpg\" data-envira-src=\"https:\/\/asv-petri-heil.de\/cms\/wp-content\/uploads\/2021\/01\/20200804_101944-640x480.jpg\" data-envira-gallery-id=\"1858\" data-envira-item-id=\"1859\" data-envira-caption=\"20200804_101944\" alt=\"\" title=\"20200804_101944\"  itemprop=\"thumbnailUrl\" data-envira-srcset=\"https:\/\/asv-petri-heil.de\/cms\/wp-content\/uploads\/2021\/01\/20200804_101944-640x480.jpg 400w,https:\/\/asv-petri-heil.de\/cms\/wp-content\/uploads\/2021\/01\/20200804_101944-640x480.jpg 2x\" data-envira-width=\"300\" data-envira-height=\"225\" srcset=\"data:image\/gif;base64,R0lGODlhAQABAIAAAP\/\/\/\/\/\/\/yH5BAEKAAEALAAAAAABAAEAAAICTAEAOw==\" data-safe-src=\"data:image\/gif;base64,R0lGODlhAQABAIAAAP\/\/\/\/\/\/\/yH5BAEKAAEALAAAAAABAAEAAAICTAEAOw==\" \/><\/a><\/div><\/div><div id=\"envira-gallery-item-1860\" class=\"envira-gallery-item enviratope-item envira-gallery-item-3 envira-lazy-load\" style=\"padding-left: 1px; padding-bottom: 1px; padding-right: 1px;\"  itemscope itemtype=\"https:\/\/schema.org\/ImageObject\"><div class=\"envira-gallery-item-inner\"><div class=\"envira-gallery-position-overlay  envira-gallery-top-left\"><\/div><div class=\"envira-gallery-position-overlay  envira-gallery-top-right\"><\/div><div class=\"envira-gallery-position-overlay  envira-gallery-bottom-left\"><\/div><div class=\"envira-gallery-position-overlay  envira-gallery-bottom-right\"><\/div><a href=\"https:\/\/asv-petri-heil.de\/cms\/wp-content\/uploads\/2021\/01\/HTEI1.jpg\" class=\"envira-gallery-1858 envira-gallery-link\" rel=\"enviragallery1858\" title=\"HTEI1\" data-envira-caption=\"HTEI1\" data-envira-retina=\"\" data-thumbnail=\"\"  itemprop=\"contentUrl\"><img decoding=\"async\" id=\"envira-gallery-image-1860\" class=\"envira-gallery-image envira-gallery-image-3 envira-normal envira-lazy\" data-envira-index=\"3\" src=\"https:\/\/asv-petri-heil.de\/cms\/wp-content\/uploads\/2021\/01\/HTEI1-640x480.jpg\" data-envira-src=\"https:\/\/asv-petri-heil.de\/cms\/wp-content\/uploads\/2021\/01\/HTEI1-640x480.jpg\" data-envira-gallery-id=\"1858\" data-envira-item-id=\"1860\" data-envira-caption=\"HTEI1\" alt=\"\" title=\"HTEI1\"  itemprop=\"thumbnailUrl\" data-envira-srcset=\"https:\/\/asv-petri-heil.de\/cms\/wp-content\/uploads\/2021\/01\/HTEI1-640x480.jpg 400w,https:\/\/asv-petri-heil.de\/cms\/wp-content\/uploads\/2021\/01\/HTEI1-640x480.jpg 2x\" data-envira-width=\"300\" data-envira-height=\"225\" srcset=\"data:image\/gif;base64,R0lGODlhAQABAIAAAP\/\/\/\/\/\/\/yH5BAEKAAEALAAAAAABAAEAAAICTAEAOw==\" data-safe-src=\"data:image\/gif;base64,R0lGODlhAQABAIAAAP\/\/\/\/\/\/\/yH5BAEKAAEALAAAAAABAAEAAAICTAEAOw==\" \/><\/a><\/div><\/div><div id=\"envira-gallery-item-1861\" class=\"envira-gallery-item enviratope-item envira-gallery-item-4 envira-lazy-load\" style=\"padding-left: 1px; padding-bottom: 1px; padding-right: 1px;\"  itemscope itemtype=\"https:\/\/schema.org\/ImageObject\"><div class=\"envira-gallery-item-inner\"><div class=\"envira-gallery-position-overlay  envira-gallery-top-left\"><\/div><div class=\"envira-gallery-position-overlay  envira-gallery-top-right\"><\/div><div class=\"envira-gallery-position-overlay  envira-gallery-bottom-left\"><\/div><div class=\"envira-gallery-position-overlay  envira-gallery-bottom-right\"><\/div><a href=\"https:\/\/asv-petri-heil.de\/cms\/wp-content\/uploads\/2021\/01\/DSCF6307.jpg\" class=\"envira-gallery-1858 envira-gallery-link\" rel=\"enviragallery1858\" title=\"DSCF6307\" data-envira-caption=\"DSCF6307\" data-envira-retina=\"\" data-thumbnail=\"\"  itemprop=\"contentUrl\"><img decoding=\"async\" id=\"envira-gallery-image-1861\" class=\"envira-gallery-image envira-gallery-image-4 envira-normal envira-lazy\" data-envira-index=\"4\" src=\"https:\/\/asv-petri-heil.de\/cms\/wp-content\/uploads\/2021\/01\/DSCF6307-640x480.jpg\" data-envira-src=\"https:\/\/asv-petri-heil.de\/cms\/wp-content\/uploads\/2021\/01\/DSCF6307-640x480.jpg\" data-envira-gallery-id=\"1858\" data-envira-item-id=\"1861\" data-envira-caption=\"DSCF6307\" alt=\"\" title=\"DSCF6307\"  itemprop=\"thumbnailUrl\" data-envira-srcset=\"https:\/\/asv-petri-heil.de\/cms\/wp-content\/uploads\/2021\/01\/DSCF6307-640x480.jpg 400w,https:\/\/asv-petri-heil.de\/cms\/wp-content\/uploads\/2021\/01\/DSCF6307-640x480.jpg 2x\" data-envira-width=\"300\" data-envira-height=\"225\" srcset=\"data:image\/gif;base64,R0lGODlhAQABAIAAAP\/\/\/\/\/\/\/yH5BAEKAAEALAAAAAABAAEAAAICTAEAOw==\" data-safe-src=\"data:image\/gif;base64,R0lGODlhAQABAIAAAP\/\/\/\/\/\/\/yH5BAEKAAEALAAAAAABAAEAAAICTAEAOw==\" \/><\/a><\/div><\/div><\/div><\/div><noscript><img decoding=\"async\" src=\"https:\/\/asv-petri-heil.de\/cms\/wp-content\/uploads\/2021\/01\/20201022_145901.jpg\" alt=\"\" \/><img decoding=\"async\" src=\"https:\/\/asv-petri-heil.de\/cms\/wp-content\/uploads\/2021\/01\/20200804_101944.jpg\" alt=\"\" \/><img decoding=\"async\" src=\"https:\/\/asv-petri-heil.de\/cms\/wp-content\/uploads\/2021\/01\/HTEI1.jpg\" alt=\"\" \/><img decoding=\"async\" src=\"https:\/\/asv-petri-heil.de\/cms\/wp-content\/uploads\/2021\/01\/DSCF6307.jpg\" alt=\"\" \/><\/noscript><\/div>\n\n\n\n\n\n<p>Dort befindet sich auch unser Vereinsheim mit maximal 24 Sitzpl\u00e4tzen. Weitere 20 Pl\u00e4tze, teils mit Seeblick, befinden sich auf der \u00fcberdachten Terrasse.  Seit vielen Jahren haben wir auch einen Trinkwasseranschluss und die Abw\u00e4sser werden in das \u00f6ffentliche Abwassernetz abgepumpt und somit haben wir auch eine &#8220;normale&#8221; Toilette. Seit 2021 gibt es eine Einbauk\u00fcche mit einer Geschirrsp\u00fclmaschine und einem Einbauherd und ausreichend Geschirr. Zugang zum Vereinsheim haben alle vollj\u00e4hrigen Seekarteninhaber. Die Lokalit\u00e4t wird gerne auch f\u00fcr Feierlichkeiten benutzt, allerdings sind pro &#8220;Feiertag&#8221; von Mitgliedern ohne aktuelle Seekarte 4 Arbeitsstunden abzuleisten. Feierlichkeiten sind vorab dem Vorstand zu melden und im Kalender am schwarzen Brett einzutragen. Gek\u00fchlte Getr\u00e4nke gibt es gegen 2 \u20ac in unserem K\u00fchlschrank, Mitbringen dieser Getr\u00e4nke ist nicht erlaubt, da \u00fcber diese Getr\u00e4nkegeb\u00fchr auch Gas, Wasser, Strom und auch die H\u00fcttenreinigung bezahlt wird. <\/p>\n\n\n\n<p>Parkpl\u00e4tze stehen oben auf Gel\u00e4ndeniveau und auch unten auf der Zelt- bzw. Castingwiese neben dem Biotop zur Verf\u00fcgung, insofern das Gel\u00e4nde nicht aufgeweicht ist. Das Befahren des Dammes ist nicht erlaubt.<\/p>\n\n\n\n<p>Die Jahreskarte kostet 85 \u20ac f\u00fcr Erwachsene und 30 \u20ac f\u00fcr Jugendliche. Hinzu kommt eine einmalige Aufnahmegeb\u00fchr in H\u00f6he von 100 bzw. 20 \u20ac f\u00fcr Jugendliche. G\u00e4stekarten werden nur in Begleitung eines Seekarteninhabers ausgegeben und kosten derzeit 20 \u20ac bzw. 10 \u20ac f\u00fcr Jugendliche.<\/p>\n\n\n\n<p>Da nat\u00fcrlich alles gepflegt werden muss, m\u00fcssen Seekarteninhaber ab 15 Jahren pro Jahr 8 Arbeitsstunden ableisten. Hierzu z\u00e4hlen M\u00e4h- und Schneidarbeiten, Ausbesserung der Wege, Anlegen von Angelpl\u00e4tzen, Reinigung des Vereinsheims und der Seeterrasse usw. . Alternativ m\u00fcssen 25 \u20ac pro Stunde, bei Jugendlichen 12,50 \u20ac pro Stunde bezahlt werden. Wohlgemerkt: Die Mithilfe ist uns wichtiger als das Geld! Und totgearbeitet hat sich noch keiner. Ab 65 Jahren sind keine Arbeitsstunden mehr abzuleisten. Wer j\u00fcnger oder \u00e4lter ist, darf nat\u00fcrlich trotzdem seinen Beitrag zur Pflege des Seegel\u00e4ndes leisten. Hinzu kommen nochmals mindestens 6 Arbeitsstunden auf unserem Fischessen am Karfreitag.<\/p>\n\n\n\n<p>Wichtige Mitteilungen wie z.B. Sperrzeiten nach einem Fischbesatz, werden im Aushangkasten am Eingangstor ver\u00f6ffentlicht.<\/p>\n","protected":false},"excerpt":{"rendered":"<p>Der Vereinssee des ASV \u201ePetri Heil\u201c Gro\u00dfostheim ist ein ehemaliger Baggersee und seit 1985 Eigentum des Vereins. Er ist einer von drei Seen in dieser insgesamt 10 ha gro\u00dfen, ehemaligen [&hellip;]<\/p>\n","protected":false},"author":1,"featured_media":0,"parent":731,"menu_order":310,"comment_status":"closed","ping_status":"closed","template":"template-full-width.php","meta":{"footnotes":""},"class_list":["post-733","page","type-page","status-publish","hentry"],"aioseo_notices":[],"_links":{"self":[{"href":"https:\/\/asv-petri-heil.de\/cms\/wp-json\/wp\/v2\/pages\/733","targetHints":{"allow":["GET"]}}],"collection":[{"href":"https:\/\/asv-petri-heil.de\/cms\/wp-json\/wp\/v2\/pages"}],"about":[{"href":"https:\/\/asv-petri-heil.de\/cms\/wp-json\/wp\/v2\/types\/page"}],"author":[{"embeddable":true,"href":"https:\/\/asv-petri-heil.de\/cms\/wp-json\/wp\/v2\/users\/1"}],"replies":[{"embeddable":true,"href":"https:\/\/asv-petri-heil.de\/cms\/wp-json\/wp\/v2\/comments?post=733"}],"version-history":[{"count":17,"href":"https:\/\/asv-petri-heil.de\/cms\/wp-json\/wp\/v2\/pages\/733\/revisions"}],"predecessor-version":[{"id":2728,"href":"https:\/\/asv-petri-heil.de\/cms\/wp-json\/wp\/v2\/pages\/733\/revisions\/2728"}],"up":[{"embeddable":true,"href":"https:\/\/asv-petri-heil.de\/cms\/wp-json\/wp\/v2\/pages\/731"}],"wp:attachment":[{"href":"https:\/\/asv-petri-heil.de\/cms\/wp-json\/wp\/v2\/media?parent=733"}],"curies":[{"name":"wp","href":"https:\/\/api.w.org\/{rel}","templated":true}]}}