{"id":737,"date":"2019-12-22T16:59:20","date_gmt":"2019-12-22T15:59:20","guid":{"rendered":"http:\/\/browny2.bplaced.net\/wp2\/?page_id=737"},"modified":"2021-07-27T15:28:10","modified_gmt":"2021-07-27T13:28:10","slug":"natur","status":"publish","type":"page","link":"https:\/\/asv-petri-heil.de\/cms\/vereinsgewaesser\/natur\/","title":{"rendered":"Natur"},"content":{"rendered":"\n<p>\u00dcber die Jahre wurden Tausende von Arbeitsstunden geleistet, um aus der einstigen Kraterlandschaft der Kiesgrube ein gr\u00fcnes Idyll zu machen. Sicher hat auch die Natur kr\u00e4ftig mitgeholfen, aber es ist Fakt, dass nur durch bedachte Pflegema\u00dfnahmen die Artenvielfalt unter und \u00fcber Wasser erhalten werden kann. Ohne regelm\u00e4\u00dfigen R\u00fcckschnitt der B\u00e4ume w\u00fcrden nur noch Weiden stehen und andere Geh\u00f6lze h\u00e4tten keine Chance. So findet man auf dem Gel\u00e4nde neben vielen Weidenarten Ahorn, Birke, Eiche, Erle, Haselnuss, Kiefer, Linde, Robinie, Walnuss, Wildkirsche und auch einen Apfelbaum. Besonders im Herbst sind diese Unterschiede gut erkennbar.<\/p>\n<h3>\u00a0<\/h3>\n\n\n\n<div class=\"wp-block-envira-envira-gallery\"><div id=\"envira-gallery-wrap-1487\" class=\"envira-gallery-wrap envira-gallery-theme-base envira-lightbox-theme-base\" itemscope itemtype=\"https:\/\/schema.org\/ImageGallery\"><div data-row-height=\"150\" data-gallery-theme=\"normal\" id=\"envira-gallery-1487\" class=\"envira-gallery-public envira-gallery-justified-public envira-gallery-0-columns envira-clear enviratope envira-gallery-css-animations\" data-envira-columns=\"0\"><div id=\"envira-gallery-item-1486\" class=\"envira-gallery-item enviratope-item envira-gallery-item-1 envira-lazy-load\" style=\"padding-left: 1px; padding-bottom: 1px; padding-right: 1px;\"  itemscope itemtype=\"https:\/\/schema.org\/ImageObject\"><div class=\"envira-gallery-item-inner\"><div class=\"envira-gallery-position-overlay  envira-gallery-top-left\"><\/div><div class=\"envira-gallery-position-overlay  envira-gallery-top-right\"><\/div><div class=\"envira-gallery-position-overlay  envira-gallery-bottom-left\"><\/div><div class=\"envira-gallery-position-overlay  envira-gallery-bottom-right\"><\/div><a href=\"https:\/\/asv-petri-heil.de\/cms\/wp-content\/uploads\/2020\/12\/DSC03522-scaled.jpg\" class=\"envira-gallery-1487 envira-gallery-link\" rel=\"enviragallery1487\" title=\"DSC03522\" data-envira-caption=\"DSC03522\" data-envira-retina=\"\" data-thumbnail=\"\"  itemprop=\"contentUrl\"><img decoding=\"async\" id=\"envira-gallery-image-1486\" class=\"envira-gallery-image envira-gallery-image-1 envira-normal envira-lazy\" data-envira-index=\"1\" src=\"https:\/\/asv-petri-heil.de\/cms\/wp-content\/uploads\/2020\/12\/DSC03522-1024x684-640x480.jpg\" data-envira-src=\"https:\/\/asv-petri-heil.de\/cms\/wp-content\/uploads\/2020\/12\/DSC03522-1024x684-640x480.jpg\" data-envira-gallery-id=\"1487\" data-envira-item-id=\"1486\" data-envira-caption=\"DSC03522\" alt=\"\" title=\"DSC03522\"  itemprop=\"thumbnailUrl\" data-envira-srcset=\"https:\/\/asv-petri-heil.de\/cms\/wp-content\/uploads\/2020\/12\/DSC03522-1024x684-640x480.jpg 400w,https:\/\/asv-petri-heil.de\/cms\/wp-content\/uploads\/2020\/12\/DSC03522-1024x684-640x480.jpg 2x\" data-envira-width=\"300\" data-envira-height=\"200\" srcset=\"data:image\/gif;base64,R0lGODlhAQABAIAAAP\/\/\/\/\/\/\/yH5BAEKAAEALAAAAAABAAEAAAICTAEAOw==\" data-safe-src=\"data:image\/gif;base64,R0lGODlhAQABAIAAAP\/\/\/\/\/\/\/yH5BAEKAAEALAAAAAABAAEAAAICTAEAOw==\" \/><\/a><\/div><\/div><div id=\"envira-gallery-item-2092\" class=\"envira-gallery-item enviratope-item envira-gallery-item-2 envira-lazy-load\" style=\"padding-left: 1px; padding-bottom: 1px; padding-right: 1px;\"  itemscope itemtype=\"https:\/\/schema.org\/ImageObject\"><div class=\"envira-gallery-item-inner\"><div class=\"envira-gallery-position-overlay  envira-gallery-top-left\"><\/div><div class=\"envira-gallery-position-overlay  envira-gallery-top-right\"><\/div><div class=\"envira-gallery-position-overlay  envira-gallery-bottom-left\"><\/div><div class=\"envira-gallery-position-overlay  envira-gallery-bottom-right\"><\/div><a href=\"https:\/\/asv-petri-heil.de\/cms\/wp-content\/uploads\/2021\/07\/20200503_160255-scaled.jpg\" class=\"envira-gallery-1487 envira-gallery-link\" rel=\"enviragallery1487\" title=\"20200503_160255\" data-envira-caption=\"20200503_160255\" data-envira-retina=\"\" data-thumbnail=\"\"  itemprop=\"contentUrl\"><img decoding=\"async\" id=\"envira-gallery-image-2092\" class=\"envira-gallery-image envira-gallery-image-2 envira-normal envira-lazy\" data-envira-index=\"2\" src=\"https:\/\/asv-petri-heil.de\/cms\/wp-content\/uploads\/2021\/07\/20200503_160255-1024x768-640x480.jpg\" data-envira-src=\"https:\/\/asv-petri-heil.de\/cms\/wp-content\/uploads\/2021\/07\/20200503_160255-1024x768-640x480.jpg\" data-envira-gallery-id=\"1487\" data-envira-item-id=\"2092\" data-envira-caption=\"20200503_160255\" alt=\"\" title=\"20200503_160255\"  itemprop=\"thumbnailUrl\" data-envira-srcset=\"https:\/\/asv-petri-heil.de\/cms\/wp-content\/uploads\/2021\/07\/20200503_160255-1024x768-640x480.jpg 400w,https:\/\/asv-petri-heil.de\/cms\/wp-content\/uploads\/2021\/07\/20200503_160255-1024x768-640x480.jpg 2x\" data-envira-width=\"300\" data-envira-height=\"225\" srcset=\"data:image\/gif;base64,R0lGODlhAQABAIAAAP\/\/\/\/\/\/\/yH5BAEKAAEALAAAAAABAAEAAAICTAEAOw==\" data-safe-src=\"data:image\/gif;base64,R0lGODlhAQABAIAAAP\/\/\/\/\/\/\/yH5BAEKAAEALAAAAAABAAEAAAICTAEAOw==\" \/><\/a><\/div><\/div><div id=\"envira-gallery-item-2093\" class=\"envira-gallery-item enviratope-item envira-gallery-item-3 envira-lazy-load\" style=\"padding-left: 1px; padding-bottom: 1px; padding-right: 1px;\"  itemscope itemtype=\"https:\/\/schema.org\/ImageObject\"><div class=\"envira-gallery-item-inner\"><div class=\"envira-gallery-position-overlay  envira-gallery-top-left\"><\/div><div class=\"envira-gallery-position-overlay  envira-gallery-top-right\"><\/div><div class=\"envira-gallery-position-overlay  envira-gallery-bottom-left\"><\/div><div class=\"envira-gallery-position-overlay  envira-gallery-bottom-right\"><\/div><a href=\"https:\/\/asv-petri-heil.de\/cms\/wp-content\/uploads\/2021\/07\/20200711_072738-scaled.jpg\" class=\"envira-gallery-1487 envira-gallery-link\" rel=\"enviragallery1487\" title=\"20200711_072738\" data-envira-caption=\"20200711_072738\" data-envira-retina=\"\" data-thumbnail=\"\"  itemprop=\"contentUrl\"><img decoding=\"async\" id=\"envira-gallery-image-2093\" class=\"envira-gallery-image envira-gallery-image-3 envira-normal envira-lazy\" data-envira-index=\"3\" src=\"https:\/\/asv-petri-heil.de\/cms\/wp-content\/uploads\/2021\/07\/20200711_072738-1024x768-640x480.jpg\" data-envira-src=\"https:\/\/asv-petri-heil.de\/cms\/wp-content\/uploads\/2021\/07\/20200711_072738-1024x768-640x480.jpg\" data-envira-gallery-id=\"1487\" data-envira-item-id=\"2093\" data-envira-caption=\"20200711_072738\" alt=\"\" title=\"20200711_072738\"  itemprop=\"thumbnailUrl\" data-envira-srcset=\"https:\/\/asv-petri-heil.de\/cms\/wp-content\/uploads\/2021\/07\/20200711_072738-1024x768-640x480.jpg 400w,https:\/\/asv-petri-heil.de\/cms\/wp-content\/uploads\/2021\/07\/20200711_072738-1024x768-640x480.jpg 2x\" data-envira-width=\"300\" data-envira-height=\"225\" srcset=\"data:image\/gif;base64,R0lGODlhAQABAIAAAP\/\/\/\/\/\/\/yH5BAEKAAEALAAAAAABAAEAAAICTAEAOw==\" data-safe-src=\"data:image\/gif;base64,R0lGODlhAQABAIAAAP\/\/\/\/\/\/\/yH5BAEKAAEALAAAAAABAAEAAAICTAEAOw==\" \/><\/a><\/div><\/div><\/div><\/div><noscript><img decoding=\"async\" src=\"https:\/\/asv-petri-heil.de\/cms\/wp-content\/uploads\/2020\/12\/DSC03522-scaled.jpg\" alt=\"\" \/><img decoding=\"async\" src=\"https:\/\/asv-petri-heil.de\/cms\/wp-content\/uploads\/2021\/07\/20200503_160255-scaled.jpg\" alt=\"\" \/><img decoding=\"async\" src=\"https:\/\/asv-petri-heil.de\/cms\/wp-content\/uploads\/2021\/07\/20200711_072738-scaled.jpg\" alt=\"\" \/><\/noscript><\/div>\n\n\n\n<p>Vielleicht noch offene Fl\u00e4chen w\u00fcrden von Gras \u00fcberwuchert und bienenfreundliche Wildkr\u00e4uter ersticken. Regelm\u00e4\u00dfige M\u00e4harbeiten sind folglich notwendig. Blutweiderich, Kugeldistel, Wilde Karde, Nachtkerze und Wasserdost sind nur einige der vielen Arten an Bl\u00fchpflanzen, die von Bienen und Schmetterlingen heimgesucht werden.<\/p>\n\n\n\n<p>Rohrkolben, Schilf, Sumpfschwertlilie und Wasserschwaden s\u00e4umen den See. Die Bl\u00e4tter der Seerosen und des schwimmenden Laichkrautes sieht man auf der Wasseroberfl\u00e4che. Unter Wasser findet man das raue Hornkraut, die kanadische Wasserpest und dichtes Nixenkraut.<\/p>\n\n\n\n\n\n<p>In der ehemaligen Kiesgrube sind h\u00e4ufig Rehe und Fasane zu finden. Wildschweine haben auch schon mal unser Castinggel\u00e4nde durchw\u00fchlt. Fuchs und Dachs (und Nachbar\u00b4s Katze) sind unsichtbar, suchen aber auch manchmal unsere Seeterrasse heim, was auf einer Wildkamera zu sehen war. Regelm\u00e4\u00dfig sind unsere gefiederten Nachbarn zu sehen. Kanada- und Nilg\u00e4nse sind hier heimisch, fressen aber zu unserem Leidwesen auch unsere Unterwasserpflanzen in den Flachzonen, die f\u00fcr die Fischbrut so wichtig sind. Die Hinterlassenschaften sind dann leider auch \u00fcberall zu finden. Enten und Blessh\u00fchner werden von den terrotorialen G\u00e4nsen leider nur hin und wieder geduldet.<\/p>\n\n\n\n<p>Grau- und Silberreiher sind auch \u00f6fters hier. Milane kreisen \u00fcber dem See und haben auch schon den ein oder anderen (verendeten?) Fisch geholt. Schwalben sausen im Sommer \u00fcber die Wasseroberfl\u00e4che. Ob sie nur Wasser sch\u00f6pfen oder sich auch den ein oder anderen der vielen Wasserl\u00e4ufer schnappen? Auch der Eisvogel hat hier schon in den Steilw\u00e4nden \u00f6fters gebr\u00fctet.<\/p>\n\n\n\n<div class=\"wp-block-envira-envira-gallery\"><div id=\"envira-gallery-wrap-1737\" class=\"envira-gallery-wrap envira-gallery-theme-base envira-lightbox-theme-base\" itemscope itemtype=\"https:\/\/schema.org\/ImageGallery\"><div data-row-height=\"150\" data-gallery-theme=\"normal\" id=\"envira-gallery-1737\" class=\"envira-gallery-public envira-gallery-justified-public envira-gallery-0-columns envira-clear enviratope envira-gallery-css-animations\" data-envira-columns=\"0\"><div id=\"envira-gallery-item-1731\" class=\"envira-gallery-item enviratope-item envira-gallery-item-1 envira-lazy-load\" style=\"padding-left: 1px; padding-bottom: 1px; padding-right: 1px;\"  itemscope itemtype=\"https:\/\/schema.org\/ImageObject\"><div class=\"envira-gallery-item-inner\"><div class=\"envira-gallery-position-overlay  envira-gallery-top-left\"><\/div><div class=\"envira-gallery-position-overlay  envira-gallery-top-right\"><\/div><div class=\"envira-gallery-position-overlay  envira-gallery-bottom-left\"><\/div><div class=\"envira-gallery-position-overlay  envira-gallery-bottom-right\"><\/div><a href=\"https:\/\/asv-petri-heil.de\/cms\/wp-content\/uploads\/2020\/12\/grosses-Biotop.jpg\" class=\"envira-gallery-1737 envira-gallery-link\" rel=\"enviragallery1737\" title=\"gro&szlig;es Biotop\" data-envira-caption=\"gro&szlig;es Biotop\" data-envira-retina=\"\" data-thumbnail=\"\"  itemprop=\"contentUrl\"><img decoding=\"async\" id=\"envira-gallery-image-1731\" class=\"envira-gallery-image envira-gallery-image-1 envira-normal envira-lazy\" data-envira-index=\"1\" src=\"https:\/\/asv-petri-heil.de\/cms\/wp-content\/uploads\/2020\/12\/grosses-Biotop-640x480.jpg\" data-envira-src=\"https:\/\/asv-petri-heil.de\/cms\/wp-content\/uploads\/2020\/12\/grosses-Biotop-640x480.jpg\" data-envira-gallery-id=\"1737\" data-envira-item-id=\"1731\" data-envira-caption=\"gro&szlig;es Biotop\" alt=\"\" title=\"gro\u00dfes Biotop\"  itemprop=\"thumbnailUrl\" data-envira-srcset=\"https:\/\/asv-petri-heil.de\/cms\/wp-content\/uploads\/2020\/12\/grosses-Biotop-640x480.jpg 400w,https:\/\/asv-petri-heil.de\/cms\/wp-content\/uploads\/2020\/12\/grosses-Biotop-640x480.jpg 2x\" data-envira-width=\"300\" data-envira-height=\"225\" srcset=\"data:image\/gif;base64,R0lGODlhAQABAIAAAP\/\/\/\/\/\/\/yH5BAEKAAEALAAAAAABAAEAAAICTAEAOw==\" data-safe-src=\"data:image\/gif;base64,R0lGODlhAQABAIAAAP\/\/\/\/\/\/\/yH5BAEKAAEALAAAAAABAAEAAAICTAEAOw==\" \/><\/a><\/div><\/div><div id=\"envira-gallery-item-1733\" class=\"envira-gallery-item enviratope-item envira-gallery-item-2 envira-lazy-load\" style=\"padding-left: 1px; padding-bottom: 1px; padding-right: 1px;\"  itemscope itemtype=\"https:\/\/schema.org\/ImageObject\"><div class=\"envira-gallery-item-inner\"><div class=\"envira-gallery-position-overlay  envira-gallery-top-left\"><\/div><div class=\"envira-gallery-position-overlay  envira-gallery-top-right\"><\/div><div class=\"envira-gallery-position-overlay  envira-gallery-bottom-left\"><\/div><div class=\"envira-gallery-position-overlay  envira-gallery-bottom-right\"><\/div><a href=\"https:\/\/asv-petri-heil.de\/cms\/wp-content\/uploads\/2020\/12\/Teichfrosch.jpg\" class=\"envira-gallery-1737 envira-gallery-link\" rel=\"enviragallery1737\" title=\"Teichfrosch\" data-envira-caption=\"Teichfrosch\" data-envira-retina=\"\" data-thumbnail=\"\"  itemprop=\"contentUrl\"><img decoding=\"async\" id=\"envira-gallery-image-1733\" class=\"envira-gallery-image envira-gallery-image-2 envira-normal envira-lazy\" data-envira-index=\"2\" src=\"https:\/\/asv-petri-heil.de\/cms\/wp-content\/uploads\/2020\/12\/Teichfrosch-640x480.jpg\" data-envira-src=\"https:\/\/asv-petri-heil.de\/cms\/wp-content\/uploads\/2020\/12\/Teichfrosch-640x480.jpg\" data-envira-gallery-id=\"1737\" data-envira-item-id=\"1733\" data-envira-caption=\"Teichfrosch\" alt=\"\" title=\"Teichfrosch\"  itemprop=\"thumbnailUrl\" data-envira-srcset=\"https:\/\/asv-petri-heil.de\/cms\/wp-content\/uploads\/2020\/12\/Teichfrosch-640x480.jpg 400w,https:\/\/asv-petri-heil.de\/cms\/wp-content\/uploads\/2020\/12\/Teichfrosch-640x480.jpg 2x\" data-envira-width=\"300\" data-envira-height=\"225\" srcset=\"data:image\/gif;base64,R0lGODlhAQABAIAAAP\/\/\/\/\/\/\/yH5BAEKAAEALAAAAAABAAEAAAICTAEAOw==\" data-safe-src=\"data:image\/gif;base64,R0lGODlhAQABAIAAAP\/\/\/\/\/\/\/yH5BAEKAAEALAAAAAABAAEAAAICTAEAOw==\" \/><\/a><\/div><\/div><div id=\"envira-gallery-item-1730\" class=\"envira-gallery-item enviratope-item envira-gallery-item-3 envira-lazy-load\" style=\"padding-left: 1px; padding-bottom: 1px; padding-right: 1px;\"  itemscope itemtype=\"https:\/\/schema.org\/ImageObject\"><div class=\"envira-gallery-item-inner\"><div class=\"envira-gallery-position-overlay  envira-gallery-top-left\"><\/div><div class=\"envira-gallery-position-overlay  envira-gallery-top-right\"><\/div><div class=\"envira-gallery-position-overlay  envira-gallery-bottom-left\"><\/div><div class=\"envira-gallery-position-overlay  envira-gallery-bottom-right\"><\/div><a href=\"https:\/\/asv-petri-heil.de\/cms\/wp-content\/uploads\/2020\/12\/Erdkroete.jpg\" class=\"envira-gallery-1737 envira-gallery-link\" rel=\"enviragallery1737\" title=\"Erdkr&ouml;te\" data-envira-caption=\"Erdkr&ouml;te\" data-envira-retina=\"\" data-thumbnail=\"\"  itemprop=\"contentUrl\"><img decoding=\"async\" id=\"envira-gallery-image-1730\" class=\"envira-gallery-image envira-gallery-image-3 envira-normal envira-lazy\" data-envira-index=\"3\" src=\"https:\/\/asv-petri-heil.de\/cms\/wp-content\/uploads\/2020\/12\/Erdkroete-640x480.jpg\" data-envira-src=\"https:\/\/asv-petri-heil.de\/cms\/wp-content\/uploads\/2020\/12\/Erdkroete-640x480.jpg\" data-envira-gallery-id=\"1737\" data-envira-item-id=\"1730\" data-envira-caption=\"Erdkr&ouml;te\" alt=\"\" title=\"Erdkr\u00f6te\"  itemprop=\"thumbnailUrl\" data-envira-srcset=\"https:\/\/asv-petri-heil.de\/cms\/wp-content\/uploads\/2020\/12\/Erdkroete-640x480.jpg 400w,https:\/\/asv-petri-heil.de\/cms\/wp-content\/uploads\/2020\/12\/Erdkroete-640x480.jpg 2x\" data-envira-width=\"300\" data-envira-height=\"225\" srcset=\"data:image\/gif;base64,R0lGODlhAQABAIAAAP\/\/\/\/\/\/\/yH5BAEKAAEALAAAAAABAAEAAAICTAEAOw==\" data-safe-src=\"data:image\/gif;base64,R0lGODlhAQABAIAAAP\/\/\/\/\/\/\/yH5BAEKAAEALAAAAAABAAEAAAICTAEAOw==\" \/><\/a><\/div><\/div><\/div><\/div><noscript><img decoding=\"async\" src=\"https:\/\/asv-petri-heil.de\/cms\/wp-content\/uploads\/2020\/12\/grosses-Biotop.jpg\" alt=\"\" \/><img decoding=\"async\" src=\"https:\/\/asv-petri-heil.de\/cms\/wp-content\/uploads\/2020\/12\/Teichfrosch.jpg\" alt=\"\" \/><img decoding=\"async\" src=\"https:\/\/asv-petri-heil.de\/cms\/wp-content\/uploads\/2020\/12\/Erdkroete.jpg\" alt=\"\" \/><\/noscript><\/div>\n\n\n\n<p>Schon im zeitigen Fr\u00fchjahr h\u00f6rt man Kr\u00f6ten und wenig sp\u00e4ter tauchen auch Teichmolche und Fr\u00f6sche in unseren k\u00fcnstlich angelegten Biotopen auf. Und wer beim Spaziergang durch das Gel\u00e4nde sorgsam auf den Boden, vor allem an der sonnigen Hangseite, schaut, kann Zauneidechsen und auch mal eine Ringelnatter erblicken. Bienen und andere Fluginsekten versammeln sich an Kugeldisteln. Am Hang entlang sind viele Brutr\u00f6hren von Wildbienen im leicht sandigen Boden zu sehen. Gl\u00fchw\u00fcrmchen im Sommer runden das Bild ab.<\/p>\n\n\n\n<div class=\"wp-block-envira-envira-gallery\"><div id=\"envira-gallery-wrap-1500\" class=\"envira-gallery-wrap envira-gallery-theme-base envira-lightbox-theme-base\" itemscope itemtype=\"https:\/\/schema.org\/ImageGallery\"><div data-row-height=\"\" data-gallery-theme=\"\" id=\"envira-gallery-1500\" class=\"envira-gallery-public  envira-gallery-3-columns envira-clear enviratope envira-gallery-css-animations\" data-envira-columns=\"3\"><div id=\"envira-gallery-item-1499\" class=\"envira-gallery-item enviratope-item envira-gallery-item-1 envira-lazy-load\" style=\"padding-left: 1px; padding-bottom: 1px; padding-right: 1px;\"  itemscope itemtype=\"https:\/\/schema.org\/ImageObject\"><div class=\"envira-gallery-item-inner\"><div class=\"envira-gallery-position-overlay  envira-gallery-top-left\"><\/div><div class=\"envira-gallery-position-overlay  envira-gallery-top-right\"><\/div><div class=\"envira-gallery-position-overlay  envira-gallery-bottom-left\"><\/div><div class=\"envira-gallery-position-overlay  envira-gallery-bottom-right\"><\/div><a href=\"https:\/\/asv-petri-heil.de\/cms\/wp-content\/uploads\/2020\/12\/20181020_131927-scaled.jpg\" class=\"envira-gallery-1500 envira-gallery-link\" rel=\"enviragallery1500\" title=\"20181020_131927\" data-envira-caption=\"20181020_131927\" data-envira-retina=\"\" data-thumbnail=\"\"  itemprop=\"contentUrl\"><div class=\"envira-lazy\" data-test-width=\"640\" data-test-height=\"480\" style=\"padding-bottom:75%;\"><img decoding=\"async\" id=\"envira-gallery-image-1499\" class=\"envira-gallery-image envira-gallery-image-1\" data-envira-index=\"1\" src=\"https:\/\/asv-petri-heil.de\/cms\/wp-content\/uploads\/2020\/12\/20181020_131927-scaled-e1608562035614-1024x757-640x480.jpg\" data-envira-src=\"https:\/\/asv-petri-heil.de\/cms\/wp-content\/uploads\/2020\/12\/20181020_131927-scaled-e1608562035614-1024x757-640x480.jpg\" data-envira-gallery-id=\"1500\" data-envira-item-id=\"1499\" data-envira-caption=\"20181020_131927\" alt=\"\" title=\"20181020_131927\"  itemprop=\"thumbnailUrl\" data-envira-srcset=\"https:\/\/asv-petri-heil.de\/cms\/wp-content\/uploads\/2020\/12\/20181020_131927-scaled-e1608562035614-1024x757-640x480.jpg 400w,https:\/\/asv-petri-heil.de\/cms\/wp-content\/uploads\/2020\/12\/20181020_131927-scaled-e1608562035614-1024x757-640x480.jpg 2x\" srcset=\"data:image\/gif;base64,R0lGODlhAQABAIAAAP\/\/\/\/\/\/\/yH5BAEKAAEALAAAAAABAAEAAAICTAEAOw==\" \/><\/div><\/a><\/div><\/div><div id=\"envira-gallery-item-1501\" class=\"envira-gallery-item enviratope-item envira-gallery-item-2 envira-lazy-load\" style=\"padding-left: 1px; padding-bottom: 1px; padding-right: 1px;\"  itemscope itemtype=\"https:\/\/schema.org\/ImageObject\"><div class=\"envira-gallery-item-inner\"><div class=\"envira-gallery-position-overlay  envira-gallery-top-left\"><\/div><div class=\"envira-gallery-position-overlay  envira-gallery-top-right\"><\/div><div class=\"envira-gallery-position-overlay  envira-gallery-bottom-left\"><\/div><div class=\"envira-gallery-position-overlay  envira-gallery-bottom-right\"><\/div><a href=\"https:\/\/asv-petri-heil.de\/cms\/wp-content\/uploads\/2020\/12\/2013-Jugendzeltlager-063-scaled.jpg\" class=\"envira-gallery-1500 envira-gallery-link\" rel=\"enviragallery1500\" title=\"2013-Jugendzeltlager-063\" data-envira-caption=\"2013-Jugendzeltlager-063\" data-envira-retina=\"\" data-thumbnail=\"\"  itemprop=\"contentUrl\"><div class=\"envira-lazy\" data-test-width=\"640\" data-test-height=\"480\" style=\"padding-bottom:75%;\"><img decoding=\"async\" id=\"envira-gallery-image-1501\" class=\"envira-gallery-image envira-gallery-image-2\" data-envira-index=\"2\" src=\"https:\/\/asv-petri-heil.de\/cms\/wp-content\/uploads\/2020\/12\/2013-Jugendzeltlager-063-scaled-e1608562519259-1024x760-640x480.jpg\" data-envira-src=\"https:\/\/asv-petri-heil.de\/cms\/wp-content\/uploads\/2020\/12\/2013-Jugendzeltlager-063-scaled-e1608562519259-1024x760-640x480.jpg\" data-envira-gallery-id=\"1500\" data-envira-item-id=\"1501\" data-envira-caption=\"2013-Jugendzeltlager-063\" alt=\"\" title=\"2013-Jugendzeltlager-063\"  itemprop=\"thumbnailUrl\" data-envira-srcset=\"https:\/\/asv-petri-heil.de\/cms\/wp-content\/uploads\/2020\/12\/2013-Jugendzeltlager-063-scaled-e1608562519259-1024x760-640x480.jpg 400w,https:\/\/asv-petri-heil.de\/cms\/wp-content\/uploads\/2020\/12\/2013-Jugendzeltlager-063-scaled-e1608562519259-1024x760-640x480.jpg 2x\" srcset=\"data:image\/gif;base64,R0lGODlhAQABAIAAAP\/\/\/\/\/\/\/yH5BAEKAAEALAAAAAABAAEAAAICTAEAOw==\" \/><\/div><\/a><\/div><\/div><div id=\"envira-gallery-item-1732\" class=\"envira-gallery-item enviratope-item envira-gallery-item-3 envira-lazy-load\" style=\"padding-left: 1px; padding-bottom: 1px; padding-right: 1px;\"  itemscope itemtype=\"https:\/\/schema.org\/ImageObject\"><div class=\"envira-gallery-item-inner\"><div class=\"envira-gallery-position-overlay  envira-gallery-top-left\"><\/div><div class=\"envira-gallery-position-overlay  envira-gallery-top-right\"><\/div><div class=\"envira-gallery-position-overlay  envira-gallery-bottom-left\"><\/div><div class=\"envira-gallery-position-overlay  envira-gallery-bottom-right\"><\/div><a href=\"https:\/\/asv-petri-heil.de\/cms\/wp-content\/uploads\/2020\/12\/Schwimmende-Ringelnatter.jpg\" class=\"envira-gallery-1500 envira-gallery-link\" rel=\"enviragallery1500\" title=\"Schwimmende Ringelnatter\" data-envira-caption=\"Schwimmende Ringelnatter\" data-envira-retina=\"\" data-thumbnail=\"\"  itemprop=\"contentUrl\"><div class=\"envira-lazy\" data-test-width=\"640\" data-test-height=\"480\" style=\"padding-bottom:75%;\"><img decoding=\"async\" id=\"envira-gallery-image-1732\" class=\"envira-gallery-image envira-gallery-image-3\" data-envira-index=\"3\" src=\"https:\/\/asv-petri-heil.de\/cms\/wp-content\/uploads\/2020\/12\/Schwimmende-Ringelnatter-e1608565666664-640x480.jpg\" data-envira-src=\"https:\/\/asv-petri-heil.de\/cms\/wp-content\/uploads\/2020\/12\/Schwimmende-Ringelnatter-e1608565666664-640x480.jpg\" data-envira-gallery-id=\"1500\" data-envira-item-id=\"1732\" data-envira-caption=\"Schwimmende Ringelnatter\" alt=\"\" title=\"Schwimmende Ringelnatter\"  itemprop=\"thumbnailUrl\" data-envira-srcset=\"https:\/\/asv-petri-heil.de\/cms\/wp-content\/uploads\/2020\/12\/Schwimmende-Ringelnatter-e1608565666664-640x480.jpg 400w,https:\/\/asv-petri-heil.de\/cms\/wp-content\/uploads\/2020\/12\/Schwimmende-Ringelnatter-e1608565666664-640x480.jpg 2x\" srcset=\"data:image\/gif;base64,R0lGODlhAQABAIAAAP\/\/\/\/\/\/\/yH5BAEKAAEALAAAAAABAAEAAAICTAEAOw==\" \/><\/div><\/a><\/div><\/div><\/div><\/div><noscript><img decoding=\"async\" src=\"https:\/\/asv-petri-heil.de\/cms\/wp-content\/uploads\/2020\/12\/20181020_131927-scaled-e1608562035614.jpg\" alt=\"\" \/><img decoding=\"async\" src=\"https:\/\/asv-petri-heil.de\/cms\/wp-content\/uploads\/2020\/12\/2013-Jugendzeltlager-063-scaled-e1608562519259.jpg\" alt=\"\" \/><img decoding=\"async\" src=\"https:\/\/asv-petri-heil.de\/cms\/wp-content\/uploads\/2020\/12\/Schwimmende-Ringelnatter-e1608565666664.jpg\" alt=\"\" \/><\/noscript><\/div>\n\n\n\n<h3 class=\"wp-block-heading\">Zusammengefasst kann gesagt werden: Wer Natur genie\u00dfen will, ist bei uns am See gut aufgehoben.<\/h3>\n\n\n\n<p><\/p>\n","protected":false},"excerpt":{"rendered":"<p>\u00dcber die Jahre wurden Tausende von Arbeitsstunden geleistet, um aus der einstigen Kraterlandschaft der Kiesgrube ein gr\u00fcnes Idyll zu machen. Sicher hat auch die Natur kr\u00e4ftig mitgeholfen, aber es ist [&hellip;]<\/p>\n","protected":false},"author":1,"featured_media":0,"parent":731,"menu_order":330,"comment_status":"closed","ping_status":"closed","template":"template-full-width.php","meta":{"footnotes":""},"class_list":["post-737","page","type-page","status-publish","hentry"],"aioseo_notices":[],"_links":{"self":[{"href":"https:\/\/asv-petri-heil.de\/cms\/wp-json\/wp\/v2\/pages\/737","targetHints":{"allow":["GET"]}}],"collection":[{"href":"https:\/\/asv-petri-heil.de\/cms\/wp-json\/wp\/v2\/pages"}],"about":[{"href":"https:\/\/asv-petri-heil.de\/cms\/wp-json\/wp\/v2\/types\/page"}],"author":[{"embeddable":true,"href":"https:\/\/asv-petri-heil.de\/cms\/wp-json\/wp\/v2\/users\/1"}],"replies":[{"embeddable":true,"href":"https:\/\/asv-petri-heil.de\/cms\/wp-json\/wp\/v2\/comments?post=737"}],"version-history":[{"count":16,"href":"https:\/\/asv-petri-heil.de\/cms\/wp-json\/wp\/v2\/pages\/737\/revisions"}],"predecessor-version":[{"id":2096,"href":"https:\/\/asv-petri-heil.de\/cms\/wp-json\/wp\/v2\/pages\/737\/revisions\/2096"}],"up":[{"embeddable":true,"href":"https:\/\/asv-petri-heil.de\/cms\/wp-json\/wp\/v2\/pages\/731"}],"wp:attachment":[{"href":"https:\/\/asv-petri-heil.de\/cms\/wp-json\/wp\/v2\/media?parent=737"}],"curies":[{"name":"wp","href":"https:\/\/api.w.org\/{rel}","templated":true}]}}